{"id":762,"date":"2023-06-06T20:35:24","date_gmt":"2023-06-06T18:35:24","guid":{"rendered":"http:\/\/www.anteltecno.eu\/?page_id=762"},"modified":"2023-06-15T12:00:32","modified_gmt":"2023-06-15T10:00:32","slug":"rubinetto-espring-tm-e-accessori","status":"publish","type":"page","link":"https:\/\/www.anteltecno.eu\/index.php\/rubinetto-espring-tm-e-accessori\/","title":{"rendered":"Rubinetto eSpring &#8482; e accessori"},"content":{"rendered":"\n<video controls=\"\" autoplay=\"\" loop=\"\" height=\"270\">\n    <source src=\"https:\/\/www.frispring.com\/VIDEO_IdealSpringAT2.mp4\">\n    <source src=\"video.ogg\" type=\"video\/ogg\">\nIl browser non supporta il tag video\n<\/video>\n<br>\n\n\n\n<p><strong><a href=\"https:\/\/www.anteltecno.it\/prodotti-aria-acqua\/68\/id\/86\"><font color=\"#0000FF\">Puoi acquistarlo sul sito www.anteltecno.it cliccando qui<\/font><\/a><\/strong><\/p>\n\n\n\n<p>Il rubinetto&nbsp;eSpring (TM) * \u00e8 stato studiato&nbsp;<strong>specificatamente per l&#8217;eSpring<\/strong>(TM)* per poterlo posizionare sotto il lavello e non forare ulteriormente il lavello stesso.<\/p>\n\n\n\n<p>Si sostituisce al rubinetto classico a 2 vie ed ha la caratteristica UNICA di<strong>&nbsp;non mantenere l&#8217;acqua in pressione quando non \u00e8 richiesta l&#8217;erogazione<\/strong>.<\/p>\n\n\n\n<p>Descrizione del funzionamento:<\/p>\n\n\n\n<p>Quando si &#8220;apre&#8221; la manopola laterale per chiedere l&#8217;acqua trattata, si alimenta il sistema filtrante e l&#8217;acqua di ritorno uscir\u00e0&nbsp; dall&#8217;aeratore piccolo.<\/p>\n\n\n\n<p>Quando si &#8220;chiude&#8221; la manopola laterale, il sistema filtrante non ricever\u00e0&nbsp; pi\u00f9 acqua in ingresso e quella ancora in pressione nel sistema filtrante defluir\u00e0 fino all&#8217;arresto del flusso.<\/p>\n\n\n\n<p>Permette di&nbsp;<strong>allungare la durata dell&#8217;utilizzabilit\u00e0&nbsp; dell&#8217;apparecchio e di ridurre il rischio di pericolosi allagamenti<\/strong>.<\/p>\n\n\n\n<p><strong>ALTRI VANTAGGI:<\/strong><\/p>\n\n\n\n<p>-risulta pratico e poco ingombrante.<br>-esteticamente integrato in modo inedito.<br>-non necessita di manutenzione.<\/p>\n\n\n\n<p>L&#8217;acqua del filtro non rimane mai in pressione grazie alla speciale valvola a dischi ceramici che permette all&#8217;acqua nel filtro di depurarsi e uscire dalla via dedicata.<\/p>\n\n\n\n<p>Facile da installare.<br>Attacchi rapidi compresi nella confezione.<\/p>\n\n\n\n<p>E&#8217; un rubinetto speciale, con tecnologia avanzata, e non \u00e8 paragonabile con quelli a 3vie standard che hanno prestazioni (e costi) inferiori o con i 4vie ad acque separate.<\/p>\n\n\n\n<figure class=\"wp-block-image\"><img decoding=\"async\" src=\"https:\/\/www.frispring.com\/Disegno_quotato_64PCR2.png\" alt=\"\"\/><\/figure>\n\n\n\n<p><\/p>\n\n\n\n<p>*= Tutti i nomi e marchi registrati compaiono per mera funzione descrittiva ed appartengono ai legittimi proprietari<\/p>\n","protected":false},"excerpt":{"rendered":"<p>Il browser non supporta il tag video Puoi acquistarlo sul sito www.anteltecno.it cliccando qui Il rubinetto&nbsp;eSpring (TM) * \u00e8 stato studiato&nbsp;specificatamente per l&#8217;eSpring(TM)* per poterlo posizionare sotto il lavello e non forare ulteriormente il lavello stesso. Si sostituisce al rubinetto classico a 2 vie ed ha la caratteristica UNICA di&nbsp;non mantenere l&#8217;acqua in pressione quando [&hellip;]<\/p>\n","protected":false},"author":1,"featured_media":0,"parent":0,"menu_order":0,"comment_status":"closed","ping_status":"closed","template":"","meta":{"footnotes":""},"class_list":["post-762","page","type-page","status-publish","hentry"],"_links":{"self":[{"href":"https:\/\/www.anteltecno.eu\/index.php\/wp-json\/wp\/v2\/pages\/762","targetHints":{"allow":["GET"]}}],"collection":[{"href":"https:\/\/www.anteltecno.eu\/index.php\/wp-json\/wp\/v2\/pages"}],"about":[{"href":"https:\/\/www.anteltecno.eu\/index.php\/wp-json\/wp\/v2\/types\/page"}],"author":[{"embeddable":true,"href":"https:\/\/www.anteltecno.eu\/index.php\/wp-json\/wp\/v2\/users\/1"}],"replies":[{"embeddable":true,"href":"https:\/\/www.anteltecno.eu\/index.php\/wp-json\/wp\/v2\/comments?post=762"}],"version-history":[{"count":14,"href":"https:\/\/www.anteltecno.eu\/index.php\/wp-json\/wp\/v2\/pages\/762\/revisions"}],"predecessor-version":[{"id":796,"href":"https:\/\/www.anteltecno.eu\/index.php\/wp-json\/wp\/v2\/pages\/762\/revisions\/796"}],"wp:attachment":[{"href":"https:\/\/www.anteltecno.eu\/index.php\/wp-json\/wp\/v2\/media?parent=762"}],"curies":[{"name":"wp","href":"https:\/\/api.w.org\/{rel}","templated":true}]}}